{"id":738,"date":"2022-04-02T22:52:11","date_gmt":"2022-04-02T20:52:11","guid":{"rendered":"https:\/\/stn.sum.edu.pl\/?page_id=738"},"modified":"2022-10-02T22:00:00","modified_gmt":"2022-10-02T20:00:00","slug":"simc-2022","status":"publish","type":"page","link":"https:\/\/stn.sum.edu.pl\/?page_id=738","title":{"rendered":"SIMC 2022"},"content":{"rendered":"\n<p><strong>International Medical Congress of Silesia 2021<\/strong> &#8211; 12-14 May 2021<br><strong>Abstract Submission Deadline:<\/strong> 28 March 2021<br><strong>Conference will be organized online via Zoom and YouTube<\/strong><br><strong>E-mail: <\/strong><a href=\"mailto:stn@365.sum.edu.pl\">stn@365.sum.edu.pl<\/a><\/p>\n\n\n\n<p class=\"has-very-dark-gray-color has-text-color\"><strong>Important Links:<\/strong><br><a rel=\"noreferrer noopener\" href=\"https:\/\/simc.sum.edu.pl\" target=\"_blank\">Conference website<\/a><br><a href=\"https:\/\/www.facebook.com\/events\/3932634810131061\/?acontext=%7B%22event_action_history%22%3A[%7B%22mechanism%22%3A%22surface%22%2C%22surface%22%3A%22create_dialog%22%7D]%7D&amp;onload_action=online_event_upsell_dialog\">SIMC Facebook<\/a><br><a href=\"https:\/\/www.instagram.com\/simckatowice\/\">SIMC Instagram<\/a><\/p>\n\n\n\n<p><strong>Files to download:<\/strong><br><a href=\"https:\/\/stn.sum.edu.pl\/wp-content\/uploads\/2022\/Konferencje\/regulamin_SIMC2022_PL.pdf\">Regulamin PL<\/a><br><a href=\"https:\/\/stn.sum.edu.pl\/wp-content\/uploads\/2022\/Konferencje\/regulamin_SIMC2022_EN.pdf\">Regulations EN<\/a><br><a href=\"https:\/\/stn.sum.edu.pl\/wp-content\/uploads\/2022\/Konferencje\/abstracts_book_2022-skompresowany.pdf\">Abstracts Book<\/a><br><a href=\"https:\/\/stn.sum.edu.pl\/wp-content\/uploads\/2022\/Konferencje\/conference_summary-1.pdf\">Conference summary (with list of awarded works)<\/a><\/p>\n\n\n\n<p><strong>Organizers:<\/strong><\/p>\n\n\n<div id=\"wp-sponsors\" class=\"clearfix slider wp-sponsors full vertical-center\" data-slick=\"{&quot;adaptiveHeight&quot;:true,&quot;autoplay&quot;:true,&quot;autoplaySpeed&quot;:&quot;3000&quot;,&quot;arrows&quot;:true,&quot;centerMode&quot;:false,&quot;dots&quot;:false,&quot;infinite&quot;:true,&quot;slidesToShow&quot;:4,&quot;slidesToScroll&quot;:1,&quot;variablewidth&quot;:false}\"><div class=\"sponsor-item default org_simc_2021\"><a href=https:\/\/ptss.pl\/oddzialy\/zabrze\/  rel=\"nofollow\"><img loading=\"lazy\" decoding=\"async\" width=\"300\" height=\"154\" src=\"https:\/\/stn.sum.edu.pl\/wp-content\/uploads\/2021\/03\/Zrzut-ekranu-2021-03-7-o-23.11.05-300x154.png\" class=\"attachment-medium size-medium wp-post-image\" alt=\"\" srcset=\"https:\/\/stn.sum.edu.pl\/wp-content\/uploads\/2021\/03\/Zrzut-ekranu-2021-03-7-o-23.11.05-300x154.png 300w, https:\/\/stn.sum.edu.pl\/wp-content\/uploads\/2021\/03\/Zrzut-ekranu-2021-03-7-o-23.11.05.png 553w\" sizes=\"auto, (max-width: 300px) 100vw, 300px\" \/><\/a><\/div><div class=\"sponsor-item default organizatorzy org_simc_2021\"><a href=https:\/\/stn.sum.edu.pl  rel=\"nofollow\"><img loading=\"lazy\" decoding=\"async\" width=\"300\" height=\"164\" src=\"https:\/\/stn.sum.edu.pl\/wp-content\/uploads\/2020\/01\/sponsors_stn-300x164.png\" class=\"attachment-medium size-medium wp-post-image\" alt=\"\" srcset=\"https:\/\/stn.sum.edu.pl\/wp-content\/uploads\/2020\/01\/sponsors_stn-300x164.png 300w, https:\/\/stn.sum.edu.pl\/wp-content\/uploads\/2020\/01\/sponsors_stn.png 550w\" sizes=\"auto, (max-width: 300px) 100vw, 300px\" \/><\/a><\/div><div class=\"sponsor-item default organizatorzy org_simc_2021\"><a href=https:\/\/sum.edu.pl  rel=\"nofollow\"><img loading=\"lazy\" decoding=\"async\" width=\"300\" height=\"164\" src=\"https:\/\/stn.sum.edu.pl\/wp-content\/uploads\/2020\/01\/sponsors_sum-300x164.png\" class=\"attachment-medium size-medium wp-post-image\" alt=\"\" srcset=\"https:\/\/stn.sum.edu.pl\/wp-content\/uploads\/2020\/01\/sponsors_sum-300x164.png 300w, https:\/\/stn.sum.edu.pl\/wp-content\/uploads\/2020\/01\/sponsors_sum.png 550w\" sizes=\"auto, (max-width: 300px) 100vw, 300px\" \/><\/a><\/div><div class=\"sponsor-item default organizatorzy org_simc_2021\"><a href=http:\/\/doktoranci.sum.edu.pl  rel=\"nofollow\"><img loading=\"lazy\" decoding=\"async\" width=\"300\" height=\"164\" src=\"https:\/\/stn.sum.edu.pl\/wp-content\/uploads\/2020\/01\/sponsors_doktoranci-300x164.png\" class=\"attachment-medium size-medium wp-post-image\" alt=\"\" srcset=\"https:\/\/stn.sum.edu.pl\/wp-content\/uploads\/2020\/01\/sponsors_doktoranci-300x164.png 300w, https:\/\/stn.sum.edu.pl\/wp-content\/uploads\/2020\/01\/sponsors_doktoranci.png 550w\" sizes=\"auto, (max-width: 300px) 100vw, 300px\" \/><\/a><\/div><\/div>\n\n\n<p>Je\u017celi nie wyra\u017casz zgody na publikacj\u0119 danych osobowych na stronie Studenckiego Towarzystwa Naukowego \u015al\u0105skiego Uniwersytetu Medycznego w Katowicach mo\u017cesz zg\u0142osi\u0107 \u017c\u0105danie ich usuni\u0119cia na adres<a href=\"mailto:stn@365.sum.edu.pl\">\u00a0stn@365.sum.edu.pl <\/a>.<\/p>\n","protected":false},"excerpt":{"rendered":"<p>International Medical Congress of Silesia 2021 &#8211; 12-14 May 2021Abstract Submission Deadline: 28 March 2021Conference will be organized online via Zoom and YouTubeE-mail: stn@365.sum.edu.pl Important Links:Conference websiteSIMC FacebookSIMC Instagram Files to download:Regulamin PLRegulations ENAbstracts BookConference summary (with list of awarded works) Organizers: Je\u017celi nie wyra\u017casz zgody na publikacj\u0119 danych osobowych na stronie Studenckiego Towarzystwa Naukowego &#8230; <a title=\"SIMC 2022\" class=\"read-more\" href=\"https:\/\/stn.sum.edu.pl\/?page_id=738\" aria-label=\"Dowiedz si\u0119 wi\u0119cej o SIMC 2022\">Dowiedz si\u0119 wi\u0119cej<\/a><\/p>\n","protected":false},"author":3,"featured_media":0,"parent":0,"menu_order":0,"comment_status":"closed","ping_status":"closed","template":"","meta":{"footnotes":""},"class_list":["post-738","page","type-page","status-publish"],"_links":{"self":[{"href":"https:\/\/stn.sum.edu.pl\/index.php?rest_route=\/wp\/v2\/pages\/738","targetHints":{"allow":["GET"]}}],"collection":[{"href":"https:\/\/stn.sum.edu.pl\/index.php?rest_route=\/wp\/v2\/pages"}],"about":[{"href":"https:\/\/stn.sum.edu.pl\/index.php?rest_route=\/wp\/v2\/types\/page"}],"author":[{"embeddable":true,"href":"https:\/\/stn.sum.edu.pl\/index.php?rest_route=\/wp\/v2\/users\/3"}],"replies":[{"embeddable":true,"href":"https:\/\/stn.sum.edu.pl\/index.php?rest_route=%2Fwp%2Fv2%2Fcomments&post=738"}],"version-history":[{"count":5,"href":"https:\/\/stn.sum.edu.pl\/index.php?rest_route=\/wp\/v2\/pages\/738\/revisions"}],"predecessor-version":[{"id":798,"href":"https:\/\/stn.sum.edu.pl\/index.php?rest_route=\/wp\/v2\/pages\/738\/revisions\/798"}],"wp:attachment":[{"href":"https:\/\/stn.sum.edu.pl\/index.php?rest_route=%2Fwp%2Fv2%2Fmedia&parent=738"}],"curies":[{"name":"wp","href":"https:\/\/api.w.org\/{rel}","templated":true}]}}