{"id":52,"date":"2020-01-22T00:56:26","date_gmt":"2020-01-21T23:56:26","guid":{"rendered":"https:\/\/stn2.sum.edu.pl\/?page_id=52"},"modified":"2024-01-14T18:09:15","modified_gmt":"2024-01-14T17:09:15","slug":"kurator-stn-sum","status":"publish","type":"page","link":"https:\/\/stn.sum.edu.pl\/?page_id=52","title":{"rendered":"Kurator STN SUM"},"content":{"rendered":"\n<p><strong>prof. dr hab. n. med. Micha\u0142 HOLECKI<\/strong><\/p>\n\n\n\n<p>KIEROWNIK<br>Katedry i Kliniki Chor\u00f3b Wewn\u0119trznych, Autoimmunologicznych i Metabolicznych<br>Wydzia\u0142u Nauk Medycznych w Katowicach<br>\u015al\u0105skiego Uniwersytetu Medycznego w Katowicach<br>ul. Medyk\u00f3w 14, 40-752 Katowice<br><\/p>\n\n\n\n<p><\/p>\n","protected":false},"excerpt":{"rendered":"<p>prof. dr hab. n. med. Micha\u0142 HOLECKI KIEROWNIKKatedry i Kliniki Chor\u00f3b Wewn\u0119trznych, Autoimmunologicznych i MetabolicznychWydzia\u0142u Nauk Medycznych w Katowicach\u015al\u0105skiego Uniwersytetu Medycznego w Katowicachul. Medyk\u00f3w 14, 40-752 Katowice<\/p>\n","protected":false},"author":3,"featured_media":0,"parent":0,"menu_order":0,"comment_status":"closed","ping_status":"closed","template":"","meta":{"footnotes":""},"class_list":["post-52","page","type-page","status-publish"],"_links":{"self":[{"href":"https:\/\/stn.sum.edu.pl\/index.php?rest_route=\/wp\/v2\/pages\/52","targetHints":{"allow":["GET"]}}],"collection":[{"href":"https:\/\/stn.sum.edu.pl\/index.php?rest_route=\/wp\/v2\/pages"}],"about":[{"href":"https:\/\/stn.sum.edu.pl\/index.php?rest_route=\/wp\/v2\/types\/page"}],"author":[{"embeddable":true,"href":"https:\/\/stn.sum.edu.pl\/index.php?rest_route=\/wp\/v2\/users\/3"}],"replies":[{"embeddable":true,"href":"https:\/\/stn.sum.edu.pl\/index.php?rest_route=%2Fwp%2Fv2%2Fcomments&post=52"}],"version-history":[{"count":4,"href":"https:\/\/stn.sum.edu.pl\/index.php?rest_route=\/wp\/v2\/pages\/52\/revisions"}],"predecessor-version":[{"id":1038,"href":"https:\/\/stn.sum.edu.pl\/index.php?rest_route=\/wp\/v2\/pages\/52\/revisions\/1038"}],"wp:attachment":[{"href":"https:\/\/stn.sum.edu.pl\/index.php?rest_route=%2Fwp%2Fv2%2Fmedia&parent=52"}],"curies":[{"name":"wp","href":"https:\/\/api.w.org\/{rel}","templated":true}]}}