{"id":446,"date":"2021-02-20T16:55:30","date_gmt":"2021-02-20T15:55:30","guid":{"rendered":"https:\/\/stn.sum.edu.pl\/?page_id=446"},"modified":"2021-02-20T17:03:43","modified_gmt":"2021-02-20T16:03:43","slug":"konferencja-farmaceuta-w-przemysle-wraz-z-sesja-posterowa-farmacja-w-2020-roku","status":"publish","type":"page","link":"https:\/\/stn.sum.edu.pl\/?page_id=446","title":{"rendered":"Konferencja &#8222;Farmaceuta w przemy\u015ble&#8221; wraz z sesj\u0105 posterow\u0105 &#8222;Farmacja w 2020 roku&#8221;"},"content":{"rendered":"\n<p><strong>Organizator:<\/strong>\u00a0Polskie Towarzystwo Student\u00f3w Farmacji Oddzia\u0142 Sosnowiec<br><strong>Termin konferencji:\u00a0<\/strong>22.01.2021 r.<br><strong>Konferencja online za pomoc\u0105 platformy ClickMeeting<\/strong><br><strong>Adres mailowy organizatora:<\/strong>\u00a0<a rel=\"noreferrer noopener\" href=\"mailto:external.sosnowiec@ptsf.pl\" target=\"_blank\">external.sosnowiec@ptsf.pl<\/a><\/p>\n\n\n\n<p><strong>Link do strony Konferencji:<\/strong>\u00a0 <br><a rel=\"noreferrer noopener\" href=\"https:\/\/fb.me\/e\/3SSUc1zZE\" target=\"_blank\">https:\/\/fb.me\/e\/3SSUc1zZE<\/a><\/p>\n\n\n\n<div class=\"wp-block-file\"><a href=\"https:\/\/stn.sum.edu.pl\/wp-content\/uploads\/2021\/02\/Protok\u00f3\u0142-z-posiedzenia-Komisji-Konkursowej-1.pdf\">Protok\u00f3\u0142 z posiedzenia Komisji Konkursowej <\/a><\/div>\n\n\n\n<div class=\"wp-block-file\"><a href=\"https:\/\/stn.sum.edu.pl\/wp-content\/uploads\/2021\/02\/Ksi\u0105\u017cka-abstrakt\u00f3w.pdf\">Ksi\u0105\u017cka abstrakt\u00f3w<\/a><\/div>\n\n\n\n<p>Je\u017celi nie wyra\u017casz zgody na publikacj\u0119 danych osobowych na stronie Studenckiego Towarzystwa Naukowego \u015al\u0105skiego Uniwersytetu Medycznego w Katowicach mo\u017cesz zg\u0142osi\u0107 \u017c\u0105danie ich usuni\u0119cia na adres&nbsp;<a href=\"mailto:zarzad.stn.sum@gmail.com\">zarzad.stn.sum@gmail.com<\/a>.<\/p>\n","protected":false},"excerpt":{"rendered":"<p>Organizator:\u00a0Polskie Towarzystwo Student\u00f3w Farmacji Oddzia\u0142 SosnowiecTermin konferencji:\u00a022.01.2021 r.Konferencja online za pomoc\u0105 platformy ClickMeetingAdres mailowy organizatora:\u00a0external.sosnowiec@ptsf.pl Link do strony Konferencji:\u00a0 https:\/\/fb.me\/e\/3SSUc1zZE Je\u017celi nie wyra\u017casz zgody na publikacj\u0119 danych osobowych na stronie Studenckiego Towarzystwa Naukowego \u015al\u0105skiego Uniwersytetu Medycznego w Katowicach mo\u017cesz zg\u0142osi\u0107 \u017c\u0105danie ich usuni\u0119cia na adres&nbsp;zarzad.stn.sum@gmail.com.<\/p>\n","protected":false},"author":4,"featured_media":0,"parent":0,"menu_order":0,"comment_status":"closed","ping_status":"closed","template":"","meta":{"footnotes":""},"class_list":["post-446","page","type-page","status-publish"],"_links":{"self":[{"href":"https:\/\/stn.sum.edu.pl\/index.php?rest_route=\/wp\/v2\/pages\/446","targetHints":{"allow":["GET"]}}],"collection":[{"href":"https:\/\/stn.sum.edu.pl\/index.php?rest_route=\/wp\/v2\/pages"}],"about":[{"href":"https:\/\/stn.sum.edu.pl\/index.php?rest_route=\/wp\/v2\/types\/page"}],"author":[{"embeddable":true,"href":"https:\/\/stn.sum.edu.pl\/index.php?rest_route=\/wp\/v2\/users\/4"}],"replies":[{"embeddable":true,"href":"https:\/\/stn.sum.edu.pl\/index.php?rest_route=%2Fwp%2Fv2%2Fcomments&post=446"}],"version-history":[{"count":3,"href":"https:\/\/stn.sum.edu.pl\/index.php?rest_route=\/wp\/v2\/pages\/446\/revisions"}],"predecessor-version":[{"id":453,"href":"https:\/\/stn.sum.edu.pl\/index.php?rest_route=\/wp\/v2\/pages\/446\/revisions\/453"}],"wp:attachment":[{"href":"https:\/\/stn.sum.edu.pl\/index.php?rest_route=%2Fwp%2Fv2%2Fmedia&parent=446"}],"curies":[{"name":"wp","href":"https:\/\/api.w.org\/{rel}","templated":true}]}}