{"id":170,"date":"2020-01-24T22:01:14","date_gmt":"2020-01-24T21:01:14","guid":{"rendered":"https:\/\/stn2.sum.edu.pl\/?page_id=170"},"modified":"2020-10-16T22:01:25","modified_gmt":"2020-10-16T20:01:25","slug":"simc-2020","status":"publish","type":"page","link":"https:\/\/stn.sum.edu.pl\/?page_id=170","title":{"rendered":"SIMC 2020"},"content":{"rendered":"\n<p>International Medical Congress of Silesia 2020 &#8211; <s>23-24 kwietnia 2020<\/s><\/p>\n\n\n\n<p class=\"has-text-color has-vivid-red-color\"><strong>Ze wzgl\u0119du na zagro\u017cenie epidemiologiczne spowodowane koronawirusem podj\u0119li\u015bmy wraz z W\u0142adzami Uczelni decyzj\u0119 o odwo\u0142aniu konferencji. <\/strong><\/p>\n\n\n\n<p><a href=\"\/wp-content\/uploads\/2019_20\/SIMC\/Regulamin-SIMC-2020.pdf\">Regulamin (do pobrania)<\/a><\/p>\n\n\n\n<p><a href=\"https:\/\/stn.sum.edu.pl\/wp-content\/uploads\/2019_20\/SIMC\/Regulations-SIMC-2020_EN.pdf\">Regulations (in English<\/a>)<\/p>\n\n\n\n<p>Termin wysy\u0142ania abstrakt\u00f3w: &#8212;&#8212;&#8212;&#8212;&#8212;&#8212;&#8212;&#8212;<\/p>\n\n\n\n<p><strong>Sponsorzy SIMC 2020:<\/strong><\/p>\n\n\n\n<p><strong>Organizatorzy:<\/strong><\/p>\n\n\n<div id=\"wp-sponsors\" class=\"clearfix slider wp-sponsors full vertical-center\" data-slick=\"{&quot;adaptiveHeight&quot;:true,&quot;autoplay&quot;:true,&quot;autoplaySpeed&quot;:&quot;3000&quot;,&quot;arrows&quot;:true,&quot;centerMode&quot;:true,&quot;dots&quot;:false,&quot;infinite&quot;:true,&quot;slidesToShow&quot;:3,&quot;slidesToScroll&quot;:1,&quot;variablewidth&quot;:false}\"><div class=\"sponsor-item default organizatorzy org_simc_2021\"><a href=https:\/\/stn.sum.edu.pl  rel=\"nofollow\"><img loading=\"lazy\" decoding=\"async\" width=\"300\" height=\"164\" src=\"https:\/\/stn.sum.edu.pl\/wp-content\/uploads\/2020\/01\/sponsors_stn-300x164.png\" class=\"attachment-medium size-medium wp-post-image\" alt=\"\" srcset=\"https:\/\/stn.sum.edu.pl\/wp-content\/uploads\/2020\/01\/sponsors_stn-300x164.png 300w, https:\/\/stn.sum.edu.pl\/wp-content\/uploads\/2020\/01\/sponsors_stn.png 550w\" sizes=\"auto, (max-width: 300px) 100vw, 300px\" \/><\/a><\/div><div class=\"sponsor-item default organizatorzy org_simc_2021\"><a href=https:\/\/sum.edu.pl  rel=\"nofollow\"><img loading=\"lazy\" decoding=\"async\" width=\"300\" height=\"164\" src=\"https:\/\/stn.sum.edu.pl\/wp-content\/uploads\/2020\/01\/sponsors_sum-300x164.png\" class=\"attachment-medium size-medium wp-post-image\" alt=\"\" srcset=\"https:\/\/stn.sum.edu.pl\/wp-content\/uploads\/2020\/01\/sponsors_sum-300x164.png 300w, https:\/\/stn.sum.edu.pl\/wp-content\/uploads\/2020\/01\/sponsors_sum.png 550w\" sizes=\"auto, (max-width: 300px) 100vw, 300px\" \/><\/a><\/div><div class=\"sponsor-item default organizatorzy org_simc_2021\"><a href=http:\/\/doktoranci.sum.edu.pl  rel=\"nofollow\"><img loading=\"lazy\" decoding=\"async\" width=\"300\" height=\"164\" src=\"https:\/\/stn.sum.edu.pl\/wp-content\/uploads\/2020\/01\/sponsors_doktoranci-300x164.png\" class=\"attachment-medium size-medium wp-post-image\" alt=\"\" srcset=\"https:\/\/stn.sum.edu.pl\/wp-content\/uploads\/2020\/01\/sponsors_doktoranci-300x164.png 300w, https:\/\/stn.sum.edu.pl\/wp-content\/uploads\/2020\/01\/sponsors_doktoranci.png 550w\" sizes=\"auto, (max-width: 300px) 100vw, 300px\" \/><\/a><\/div><\/div>","protected":false},"excerpt":{"rendered":"<p>International Medical Congress of Silesia 2020 &#8211; 23-24 kwietnia 2020 Ze wzgl\u0119du na zagro\u017cenie epidemiologiczne spowodowane koronawirusem podj\u0119li\u015bmy wraz z W\u0142adzami Uczelni decyzj\u0119 o odwo\u0142aniu konferencji. Regulamin (do pobrania) Regulations (in English) Termin wysy\u0142ania abstrakt\u00f3w: &#8212;&#8212;&#8212;&#8212;&#8212;&#8212;&#8212;&#8212; Sponsorzy SIMC 2020: Organizatorzy:<\/p>\n","protected":false},"author":3,"featured_media":0,"parent":0,"menu_order":0,"comment_status":"closed","ping_status":"closed","template":"","meta":{"footnotes":""},"class_list":["post-170","page","type-page","status-publish"],"_links":{"self":[{"href":"https:\/\/stn.sum.edu.pl\/index.php?rest_route=\/wp\/v2\/pages\/170","targetHints":{"allow":["GET"]}}],"collection":[{"href":"https:\/\/stn.sum.edu.pl\/index.php?rest_route=\/wp\/v2\/pages"}],"about":[{"href":"https:\/\/stn.sum.edu.pl\/index.php?rest_route=\/wp\/v2\/types\/page"}],"author":[{"embeddable":true,"href":"https:\/\/stn.sum.edu.pl\/index.php?rest_route=\/wp\/v2\/users\/3"}],"replies":[{"embeddable":true,"href":"https:\/\/stn.sum.edu.pl\/index.php?rest_route=%2Fwp%2Fv2%2Fcomments&post=170"}],"version-history":[{"count":21,"href":"https:\/\/stn.sum.edu.pl\/index.php?rest_route=\/wp\/v2\/pages\/170\/revisions"}],"predecessor-version":[{"id":307,"href":"https:\/\/stn.sum.edu.pl\/index.php?rest_route=\/wp\/v2\/pages\/170\/revisions\/307"}],"wp:attachment":[{"href":"https:\/\/stn.sum.edu.pl\/index.php?rest_route=%2Fwp%2Fv2%2Fmedia&parent=170"}],"curies":[{"name":"wp","href":"https:\/\/api.w.org\/{rel}","templated":true}]}}