{"id":1248,"date":"2025-11-28T20:48:04","date_gmt":"2025-11-28T19:48:04","guid":{"rendered":"https:\/\/stn.sum.edu.pl\/?page_id=1248"},"modified":"2025-11-28T20:48:05","modified_gmt":"2025-11-28T19:48:05","slug":"sklad-zarzadu-2024-25","status":"publish","type":"page","link":"https:\/\/stn.sum.edu.pl\/?page_id=1248","title":{"rendered":"Sk\u0142ad Zarz\u0105du 2024\/25"},"content":{"rendered":"\n<h5 class=\"wp-block-heading\">PRZEWODNICZ\u0104CY:<\/h5>\n\n\n\n<p><strong>Aleksandra Nasiek<\/strong><\/p>\n\n\n\n<p>Wydzia\u0142 Nauk Medycznych w Zabrzu<br>e-mail:<a href=\"mailto:s78478@365.sum.edu.pl\">&nbsp;<\/a>s83311@365.sum.edu.pl<\/p>\n\n\n\n<h5 class=\"wp-block-heading\">ZAST\u0118PCY:<\/h5>\n\n\n\n<p><strong>Julia Herbu\u015b<\/strong><\/p>\n\n\n\n<p>Wydzia\u0142&nbsp;Nauk Farmaceutycznych w Sosnowcu<br>e-mail: s84625@365.sum.edu.pl<\/p>\n\n\n\n<p><strong>Kornelia Korzan<\/strong><\/p>\n\n\n\n<p>Wydzia\u0142 Nauk o Zdrowiu w Katowicach<br>e-mail:&nbsp;s80384@365.sum.edu.pl<\/p>\n\n\n\n<h5 class=\"wp-block-heading\">CZ\u0141ONKOWIE ZARZ\u0104DU:<\/h5>\n\n\n\n<p><strong>Micha\u0142 Azierski<br><\/strong><br>Wydzia\u0142&nbsp;Nauk Medycznych w Katowicach<br>e-mail:&nbsp;s82673@365.sum.edu.pl<\/p>\n\n\n\n<p><strong>Pawe\u0142 Kurzelowski<\/strong><\/p>\n\n\n\n<p>Wydzia\u0142 Nauk Medycznych w Katowicach<br>e-mail:&nbsp;s82936@365.sum.edu.pl<\/p>\n\n\n\n<p><strong>Piotr Ziobro<\/strong><\/p>\n\n\n\n<p>Wydzia\u0142 Nauk Medycznych w Zabrzu<br>e-mail:&nbsp;s86367@365.sum.edu.pl<\/p>\n\n\n\n<p><strong>Jakub Fiegler-Rudol<\/strong><\/p>\n\n\n\n<p>Wydzia\u0142 Nauk Medycznych w Zabrzu<br>e-mail<a href=\"mailto:piotr@lewandowski.work\">:&nbsp;<\/a>s88998@365.sum.edu.pl<\/p>\n\n\n\n<p><strong>Marta G\u0119do\u015b<\/strong><\/p>\n\n\n\n<p>Wydzia\u0142&nbsp;Nauk Farmaceutycznych w Sosnowcu<br>e-mail:&nbsp;s87193@365.sum.edu.pl<\/p>\n\n\n\n<p><strong>Ma\u0142gorzata Toro\u0144<\/strong><\/p>\n\n\n\n<p>Wydzia\u0142&nbsp;Nauk Farmaceutycznych w Sosnowcu<br>e-mail: s81436@365.sum.edu.pl<\/p>\n\n\n\n<p><strong>Martyna Szyma\u0144ska<\/strong><\/p>\n\n\n\n<p>Wydzia\u0142 Nauk o Zdrowiu&nbsp;w Bytomiu<br>e-mail: s82642@365.sum.edu.pl<\/p>\n\n\n\n<p><strong>Justyna Kolasa<\/strong><\/p>\n\n\n\n<p>Wydzia\u0142 Nauk o Zdrowiu&nbsp;w Bytomiu<br>e-mail: s94506@365.sum.edu.pl<\/p>\n\n\n\n<p><strong>Wiktoria \u015aliwka<\/strong><\/p>\n\n\n\n<p>Wydzia\u0142 Nauk o Zdrowiu w Katowicach<br>e-mail: s82543@365.sum.edu.pl<\/p>\n\n\n\n<p><strong>Mateusz R\u00f3g<\/strong><\/p>\n\n\n\n<p>Wydzia\u0142 Nauk o Zdrowiu w Katowicach<br>e-mail: s58199@365.sum.edu.pl<\/p>\n","protected":false},"excerpt":{"rendered":"<p>PRZEWODNICZ\u0104CY: Aleksandra Nasiek Wydzia\u0142 Nauk Medycznych w Zabrzue-mail:&nbsp;s83311@365.sum.edu.pl ZAST\u0118PCY: Julia Herbu\u015b Wydzia\u0142&nbsp;Nauk Farmaceutycznych w Sosnowcue-mail: s84625@365.sum.edu.pl Kornelia Korzan Wydzia\u0142 Nauk o Zdrowiu w Katowicache-mail:&nbsp;s80384@365.sum.edu.pl CZ\u0141ONKOWIE ZARZ\u0104DU: Micha\u0142 AzierskiWydzia\u0142&nbsp;Nauk Medycznych w Katowicache-mail:&nbsp;s82673@365.sum.edu.pl Pawe\u0142 Kurzelowski Wydzia\u0142 Nauk Medycznych w Katowicache-mail:&nbsp;s82936@365.sum.edu.pl Piotr Ziobro Wydzia\u0142 Nauk Medycznych w Zabrzue-mail:&nbsp;s86367@365.sum.edu.pl Jakub Fiegler-Rudol Wydzia\u0142 Nauk Medycznych w Zabrzue-mail:&nbsp;s88998@365.sum.edu.pl Marta G\u0119do\u015b Wydzia\u0142&nbsp;Nauk &#8230; <a title=\"Sk\u0142ad Zarz\u0105du 2024\/25\" class=\"read-more\" href=\"https:\/\/stn.sum.edu.pl\/?page_id=1248\" aria-label=\"Dowiedz si\u0119 wi\u0119cej o Sk\u0142ad Zarz\u0105du 2024\/25\">Dowiedz si\u0119 wi\u0119cej<\/a><\/p>\n","protected":false},"author":9,"featured_media":0,"parent":0,"menu_order":0,"comment_status":"closed","ping_status":"closed","template":"","meta":{"footnotes":""},"class_list":["post-1248","page","type-page","status-publish"],"_links":{"self":[{"href":"https:\/\/stn.sum.edu.pl\/index.php?rest_route=\/wp\/v2\/pages\/1248","targetHints":{"allow":["GET"]}}],"collection":[{"href":"https:\/\/stn.sum.edu.pl\/index.php?rest_route=\/wp\/v2\/pages"}],"about":[{"href":"https:\/\/stn.sum.edu.pl\/index.php?rest_route=\/wp\/v2\/types\/page"}],"author":[{"embeddable":true,"href":"https:\/\/stn.sum.edu.pl\/index.php?rest_route=\/wp\/v2\/users\/9"}],"replies":[{"embeddable":true,"href":"https:\/\/stn.sum.edu.pl\/index.php?rest_route=%2Fwp%2Fv2%2Fcomments&post=1248"}],"version-history":[{"count":1,"href":"https:\/\/stn.sum.edu.pl\/index.php?rest_route=\/wp\/v2\/pages\/1248\/revisions"}],"predecessor-version":[{"id":1249,"href":"https:\/\/stn.sum.edu.pl\/index.php?rest_route=\/wp\/v2\/pages\/1248\/revisions\/1249"}],"wp:attachment":[{"href":"https:\/\/stn.sum.edu.pl\/index.php?rest_route=%2Fwp%2Fv2%2Fmedia&parent=1248"}],"curies":[{"name":"wp","href":"https:\/\/api.w.org\/{rel}","templated":true}]}}